1 is divided by (-1340)/402 - (-272)/6?
41
Suppose 347 = 31*j - 676. What is the remainder when 160 is divided by j?
28
Suppose 0 = -7*i + 3*i. Suppose 0 = 3*u - i*u - 5*z - 72, 98 = 5*u - z. What is the remainder when 35 is divided by u?
16
Suppose -x + 41 = 23. What is the remainder when 51 is divided by x?
15
Let s(u) = 9 + 5 - 4*u - 20. Calculate the remainder when s(-11) is divided by 14.
10
Let j(l) be the first derivative of 2*l**2 - 5*l + 14. What is the remainder when j(8) is divided by 15?
12
Let k be (-384)/27 + 4/18. Let o be (-86)/k + (-4)/28. Let q(m) = m**3 - 5*m**2 + 6*m + 1. Calculate the remainder when q(o) is divided by 19.
16
Let u = 89 + -84. What is the remainder when 18 is divided by u?
3
Suppose -2*l - 420 = -12*l. Let z = -307 - -558. What is the remainder when z is divided by l?
41
Let x(c) = 2*c**2 - 20*c + 25. Calculate the remainder when (-70)/((-5)/(3 + 2)) is divided by x(10).
20
Let q(i) = i**3 + 11*i**2 + 12*i + 46. Calculate the remainder when 35 is divided by q(-10).
9
Suppose -4*x = -2*b - 15 + 61, -2*b = -5*x - 49. Calculate the remainder when 183 is divided by b.
13
Suppose z - 17 = 2*o - 3, -17 = 2*z + 5*o. Suppose -z*s - 1 = 2*b - 35, 2*b - 35 = -5*s. What is the remainder when b is divided by 9?
6
Suppose 368 = 5*q - 337. Let r = 126 + -114. Calculate the remainder when q is divided by r.
9
Let a(s) = 2*s**2 - 2*s. Suppose -2*c + 8 = 2*c. Let v(o) = 2*o**3 - 4*o**2 + 4*o - 3. Calculate the remainder when a(3) is divided by v(c).
2
Let j(w) = w + 1. Let s(t) = -5*t - 18. Let h(b) = -6*j(b) - s(b). Let z(r) = 3*r - 3. Calculate the remainder when h(-9) is divided by z(3).
3
Suppose 369 = 10*y - 301. Let u = 80 - y. What is the remainder when 38 is divided by u?
12
Let i = 10 - 6. Let b(u) = 12 + u**2 - i*u + 1 + 3*u. Calculate the remainder when b(0) is divided by 7.
6
What is the remainder when (1 - -2)*191*27/81 is divided by 61?
8
Suppose -z - 248 = -3*r + 3*z, -4*r = 2*z - 338. What is the remainder when 260 is divided by r?
8
Suppose 0 = -2*f + 4*t + 28, 16 - 4 = 4*f + 3*t. Suppose f = r - 3*r. What is the remainder when (13 - -2)*(r - -4) is divided by 4?
3
Let c = -105 - -157. Calculate the remainder when c is divided by 9.
7
Let t be 4/(-1) + 150 + 5. Suppose 3*n - 205 = d - 59, 3*n + 4*d = t. Suppose f - 6*f - 17 = r, 3*r - 5*f = n. What is the remainder when 53 is divided by r?
5
Calculate the remainder when 5*(-2 - 0)*(-56)/4 is divided by ((-47)/1)/((-5 - -3)/2).
46
Calculate the remainder when 1766/16 - ((-370)/80 + 5) is divided by 25.
10
Let w = 5 - 3. Suppose -w*h = 3*h. Let v(n) = n + 9. Calculate the remainder when v(h) is divided by 4.
1
Let d = -5 + 8. Suppose 6*w - 12 = 6. Calculate the remainder when 27 is divided by (w + d)*(-21)/(-18).
6
Let o = 322 - 289. Calculate the remainder when o is divided by 5.
3
Suppose -15 = -2*j + 1. Let h = j - -19. Suppose 0 = 4*n - c - 33, -3*c = -n - 3*n + 43. Calculate the remainder when h is divided by n.
6
Let s(j) = -77*j - 2. Let a(x) = -154*x - 4. Let c(i) = -3*a(i) + 5*s(i). Let d(f) = -4*f. Calculate the remainder when c(1) is divided by d(-5).
19
Let p(n) = 2*n - 2. Suppose 0 = -2*c - 3*c. Suppose c = -4*w + 4*l + 12, -5*w - 5*l = -10 - 5. Calculate the remainder when 19 is divided by p(w).
3
Suppose -3*g + 20 = 2*w - 0*w, 2*g = 8. Let a be (-6 - (4 + -7)) + 5. Suppose a*x + 49 = 9*x. Calculate the remainder when x is divided by w.
3
Suppose 288 = 9*o + 9*o. What is the remainder when 95 is divided by o?
15
Let h = -25 - -12. Let j = h + 17. Calculate the remainder when 19 is divided by j.
3
Let q = -2059 - -2072. Suppose 2*l = r - 13, 3*l = r + 6*l + 7. Let n = -1 + r. What is the remainder when q is divided by n?
1
Suppose 0 = -2*m + 49 - 37. Calculate the remainder when 13 is divided by m.
1
Suppose -551 = -x + 4*u + 635, 2372 = 2*x - 3*u. What is the remainder when x is divided by 41?
38
Suppose -3168 = -24*r + 6*r. What is the remainder when r is divided by 92?
84
Let j = 1215 - 1207. What is the remainder when 125 is divided by j?
5
Suppose 4*z = 2*a - 90, -6*a = -a - 3*z - 232. Let b = 34 - 25. What is the remainder when a is divided by (78/b)/(6/9)?
8
Let t = -95 - -98. Suppose 365 = t*h + 2*h. Calculate the remainder when h is divided by 17 - (2 + 2 + -2).
13
What is the remainder when 28 is divided by (-33)/(-4) + 60/80?
1
What is the remainder when 124*((-275)/(-10))/11 is divided by 79?
73
Let d(m) = m**3 - 30*m**2 + 29*m + 10. What is the remainder when 40 is divided by d(29)?
0
Let l(w) = -20*w + 194. Calculate the remainder when l(-14) is divided by 30.
24
Suppose -161*y - 114 = -164*y. Calculate the remainder when 188 is divided by y.
36
Let h = 25 + -27. Let i(p) be the first derivative of -13*p**2/2 + 6*p - 1. Calculate the remainder when i(h) is divided by 9.
5
Let c be 1 + 0 - (0 + -51). Suppose -4*h + 3*w = -118, -3*w + c = 2*h - 8*w. Calculate the remainder when h is divided by 11.
9
Suppose 0 = 6*w - 1658 - 1294. Calculate the remainder when w is divided by 33.
30
Let v(l) = l**2 - 10*l + 51. Suppose 0 = -2*k - 3*k - 70. Let b = -4 - k. What is the remainder when v(4) is divided by b?
7
Suppose 902*l - 897*l = 20. Let r = -220 + 353. Suppose -3*u + 5*x = -r, l*u + 5*x - 11 = 3*u. What is the remainder when u is divided by 14?
8
Let m(z) = -4 + 10*z + 10*z + 5. Suppose 0 = k + 2, -5*k + 86 = 4*w + 12. Calculate the remainder when m(4) is divided by w.
18
Suppose 0 = 8*q - 5*q + 42. Let z = 61 + q. What is the remainder when 137 is divided by z?
43
Suppose -3*r = -2*q - 33 + 363, 4*q = 4*r + 652. Calculate the remainder when 790 is divided by q.
154
Calculate the remainder when (33/(-3) + 8)*104*-1 is divided by 21.
18
Suppose 2056 = 3*c + 5*d, -3*c + 606 + 1490 = -5*d. What is the remainder when c is divided by 77?
76
Suppose 2*l - u + 102 = -3*u, -10 = 5*u. Let r = 61 + l. Calculate the remainder when 118 is divided by r.
10
Suppose 0 = -4*s + 8 - 0. Let y be (-2 - 124)*(-6)/9. Suppose d - y = -s*d. What is the remainder when d is divided by 15?
13
Let r = 607 - 596. What is the remainder when 64 is divided by r?
9
Calculate the remainder when (85/(-2))/((-30)/36) is divided by 13.
12
Suppose 11 = 17*p - 23. Let x = -7 - -10. Let w = x - -4. What is the remainder when w is divided by p?
1
Let s(k) = -k**3 + 2*k**2 - k - 8. Let z be s(-6). Suppose -3*d + 5*d - 114 = -2*g, -4*d = 5*g - z. What is the remainder when g is divided by 20?
18
Suppose -2*l = 314 - 446. Calculate the remainder when 789 is divided by l.
63
Calculate the remainder when 472 is divided by (29/29)/((-236)/79 - -3).
77
Suppose 731 = 2*s + 41*s. Calculate the remainder when 693 is divided by s.
13
What is the remainder when 14*(-3)/2*(-24)/9 is divided by 21?
14
Suppose -7*t + 144 + 10 = 0. What is the remainder when 84 is divided by t?
18
Let f = 46 + -33. Let h(o) = o**2 + 14*o + 31. Let a(k) = k**3 + 9*k**2 + 12*k + 16. Let j be a(-8). What is the remainder when h(j) is divided by f?
11
Suppose 0*q + 9 = q. Let b = q - -5. What is the remainder when b is divided by 8?
6
Let h(l) = l**3 + 6*l**2 - 7*l + 19. Let i(y) = -7*y + 35. Let w be i(6). Calculate the remainder when h(w) is divided by 10.
9
Let p(t) = 18*t**2 + 6*t - 4. Let i be p(2). Let r = i + -66. Calculate the remainder when 50 is divided by r.
8
Let v = 0 - -3. Suppose 2*k - 3 = -3*k + 4*s, 3*s = -v*k + 18. Suppose a = -k*a + 52. Calculate the remainder when 75 is divided by a.
10
Suppose 0 = -18*a - 11*a + 7859. Calculate the remainder when a is divided by 81.
28
Calculate the remainder when 34 is divided by (-16)/(-1) - 0 - (-1 + -2).
15
What is the remainder when 26 is divided by (6 - 224/48)*18/4?
2
What is the remainder when (6/5)/(34/255) is divided by 2?
1
Let d(q) = -q**3 + 9*q**2 - 9*q + 12. Let k be d(9). Let n = 85 + k. Let p(s) = 14*s - 5. What is the remainder when p(6) is divided by n?
15
Suppose i = -36 + 122. What is the remainder when i is divided by 29?
28
Let c be -1*(-2)/(-10) - (-31)/155. Let y(k) = -2*k + 1. Suppose 1 - 2 = -q. What is the remainder when q is divided by y(c)?
0
Suppose 0*s + 60 = 4*s. Let v = 19 - s. Suppose a + 3*r = 14, 3*a + v*r - 59 = -2*a. What is the remainder when a is divided by 3?
2
Let t(j) = 4*j - j - 11 + j + 1. Suppose -10 = 6*w -